r)?
9
Let n(o) = 7*o**2 - 2. Let b be n(1). Suppose b*a - 316 + 106 = 0. What is the units digit of a?
2
Let d be (-314)/(-4) - (-5)/10*1. Let i = d + -53. What is the tens digit of i?
2
Let i = 5 + -3. Suppose h - 8 = 2*r, i*r - r + 5*h = 18. Let u(q) = 4*q**2 + 2*q + 2. What is the units digit of u(r)?
4
Let z be -4*1*2/(-4). Suppose -5*d + 17 + z = s, s - 2*d = 26. What is the units digit of s?
4
Let t(x) = x**3 - x + 794. Let u be t(0). Suppose 3*w - 2*q - u = -w, 5*w = 3*q + 991. Suppose -4*h + 80 = -w. What is the tens digit of h?
7
Suppose 184*b = 162*b + 38610. What is the tens digit of b?
5
Let g(p) = 110*p**2 + p. Suppose -z - h = 3*z - 7, -3*h + 10 = z. What is the hundreds digit of g(z)?
1
Suppose 5*n = -2*m - 26 + 281, -153 = -3*n - 4*m. Suppose -2*i - 4*x - 16 = 0, 0 = -i - 0*i + 4*x + 4. What is the units digit of n/6 + 2/i?
8
Let f = 1323 - 551. What is the tens digit of f?
7
Let z = 1582 + -2226. What is the tens digit of ((-6)/8)/(7/z)?
6
Suppose x - l - 878 = l, 3*x = 3*l + 2622. What is the units digit of x?
0
Suppose -4*k = -2*o + 170, 5*k + 4*o + 150 = -43. Suppose -280 = 2*d + 2*d. Let a = k - d. What is the units digit of a?
9
Let b(u) = -2*u + 442. What is the tens digit of b(0)?
4
Let h = 0 - 7. Let n(y) = 0 - y**3 + 8 - 2 - 7*y**2. What is the units digit of n(h)?
6
Let g(w) = -4*w**3 - 3*w**2 + 3*w + 6. Let a be 2/8 - -2*(-17)/8. What is the hundreds digit of g(a)?
2
Let m = -454 - -946. Suppose -13*k - m = -16*k. What is the hundreds digit of k?
1
What is the hundreds digit of (-43 + 55)/(1*(-3)/(-268))?
0
Suppose 0 = 4*a - 4*h + 13 - 4057, -2*h = 2*a - 2022. What is the tens digit of a?
1
Suppose 0 = -4*p + p - 4*l - 11, -2*p - 2*l = 4. Suppose 104 = p*w + b, 4*w - b - 176 = -w. What is the units digit of w?
5
Let k be 2 - ((-636)/(-1 + -3) - -3). What is the tens digit of 39/((-4)/(k/15))?
0
Suppose 0 = -5*p + 11 - 1. Suppose -x + 5*q - 2*q - 2 = 0, 4*x - 20 = -p*q. Suppose -3*i - 23 = -x*i - 5*w, 3*i - 39 = -5*w. What is the units digit of i?
8
Let c be (2/(-4))/(8/272). Let i = 2 - c. What is the units digit of i?
9
Let k = -1 - -11. Let y be ((-12)/18)/((-8)/(-36))*-1. Suppose y*i + k = 5*i. What is the units digit of i?
5
Let s be -2 + 9/(9/2). Suppose -8*c + 2*c + 480 = s. Suppose 0*x = 5*x - c. What is the tens digit of x?
1
Let f = -21 - -23. Suppose -f*w - r = -343, -3*r + 307 + 209 = 3*w. What is the hundreds digit of w?
1
Suppose -5*c - 3*x - 664 = 0, 5*c + 5*x = 6*x - 652. Let g = c - -244. What is the units digit of g?
3
Suppose n = 2*w + 1103, 18*w = 5*n + 17*w - 5533. What is the units digit of n?
7
Suppose 2*f - 6 = -0*f - 3*h, -5*f - 19 = -h. Let i = -252 + 256. Let y = f + i. What is the units digit of y?
1
Suppose 0 = -2*g, 4 = t - 5*g - 3. Let y be (-746)/t - 20/(-35). Let k = y + 149. What is the units digit of k?
3
Suppose 0 = 6*l - 2154 - 4812. What is the thousands digit of l?
1
Let d = 45 - 29. Suppose 340 = -12*l + d*l. What is the units digit of l?
5
What is the tens digit of 35936/28 + 12/(-28)?
8
Let w(m) = -m**2 + 16*m - 17. Let j be w(12). What is the tens digit of j - 1 - 4/2?
2
Let i = 2711 - 1606. What is the thousands digit of i?
1
Let k(y) = -4*y**3 - 2*y**2 - 2*y - 1. Suppose -f + 19 = 3*f + 5*j, 5*j = 4*f + 11. Let h = f + -3. What is the tens digit of k(h)?
2
Suppose -4*f - 164 = 2*v + 2*v, 3*f = -5*v - 195. Suppose -4*z + 270 = -2*d, -2*z - d + 144 = -5*d. Let p = v + z. What is the tens digit of p?
3
Let w(l) = -25*l + 19. Let i(s) = -s**2 - 3*s - 7. Let t be i(-3). What is the units digit of w(t)?
4
Let u = 3817 - 1469. What is the thousands digit of u?
2
Suppose -176*n + 49588 = -153*n. What is the thousands digit of n?
2
Suppose 2*m + m - 15 = 0. Suppose 4*l = 4*t + 68, -3*l + m*l = -3*t + 29. Let y = 31 - l. What is the tens digit of y?
1
Suppose -4*t = -18*t + 112. Let i(c) = c + 51. What is the tens digit of i(t)?
5
Suppose -f - 13 = -3. Let v(p) = -p**2 - p + 7. Let m be v(f). Let d = -46 - m. What is the units digit of d?
7
Let x = 115 - 93. Suppose -16*u - 390 = -x*u. What is the units digit of u?
5
Let u = 1447 - 689. What is the units digit of u?
8
Suppose 3*n + 8 = n. Let b(t) be the third derivative of -3*t**4/8 - 2*t**3/3 + 9*t**2. What is the tens digit of b(n)?
3
What is the hundreds digit of (1760 - 6) + -1*11?
7
Let x be ((-2)/(-3))/((-4)/(-18)). Let u(b) = 17*b**2 + b + 6. Let g be u(x). Suppose 42 = 4*n - g. What is the tens digit of n?
5
Suppose 0 = -2*v - 4*f + 24, 0*v = -5*v - 3*f + 25. Let s = -121 - -130. Let w = s - v. What is the units digit of w?
7
Let h(w) = w**2 + 13. Suppose -2*i = 9 - 1. Let g be (-2)/(-8) - i/(-16). What is the units digit of h(g)?
3
Let b = 136 - 73. Let t = 105 - b. What is the tens digit of t?
4
Let y = 33 - 21. Let r(u) = 2*u - 16. Let p be r(y). What is the units digit of (-88)/(-33)*174/p?
8
Let s(v) = v**3 + 4*v**2 + 5*v + 4. Let m be s(-2). Let h(l) = 5*l - 2 + 5*l**3 + l - 3*l - 2*l**2. What is the tens digit of h(m)?
3
Suppose s = 2, 4*u - 2*s + 6 = 2. Suppose -n + 3 = h - u*n, -24 = -4*h + 2*n. Suppose -h*f + 162 = 22. What is the tens digit of f?
2
Let c(d) = -8*d - 10. Suppose 4*h = 4*a + 16, 2*a + 14 = 6*h - 2*h. Suppose h*x - 6 = 4*x. What is the units digit of c(x)?
8
Let u(a) = 4*a**3 + 4*a**2 - 18*a + 36. What is the thousands digit of u(7)?
1
Let s(v) = -v**2 + 21*v + 81. Let p be s(24). Let d(f) = 3*f**2 - 7*f - 7. What is the tens digit of d(p)?
7
Let a = 31 + -31. Suppose -3*i + l = -8, a*i - 3*i + 2*l + 7 = 0. Suppose 15 = i*f + 2*f. What is the units digit of f?
3
Let j(r) = 14*r - 25*r + 12 - 1 + 2*r**2. What is the tens digit of j(-6)?
4
Let i = 12 - 7. Let o(k) = 2*k**3 - 3*k**2 - 5*k - 2. Let p be o(i). Suppose -24 = -5*y - 4*f + p, 3*f = -2*y + 66. What is the tens digit of y?
3
Let z be 6*((-20)/8 + 3). Suppose 3*l + 4 = l, 3*w = -3*l. Suppose w*a = 5*q - 119, -3*q - z*a + 2*a = -78. What is the tens digit of q?
2
Let g = 26 - 23. Suppose -286 = -4*o + g*u, 0 = -2*o + o + 2*u + 69. What is the units digit of o?
3
Let m(h) = h**3 - 8*h**2 + 15*h - 6. Let t be m(6). Suppose 490 - 1834 = -t*i. What is the hundreds digit of i?
1
Let n = 3733 + 882. What is the thousands digit of n?
4
Let r = -3583 + 5449. What is the units digit of r?
6
Let b be -200*(-2 + 24/10). Let t = -42 - b. What is the units digit of t?
8
Suppose 0*i - 13464 = -5*f - 4*i, -2684 = -f - 3*i. What is the hundreds digit of f?
6
Suppose -2 = -s - 0. Suppose 2*h + 4*t = 220, 2*t - 310 = -s*h - h. Suppose 0 = 5*g - 50 - h. What is the tens digit of g?
3
Let q = -371 + 785. Suppose -4*t + t + q = 0. What is the tens digit of t?
3
Let c = 25 - 25. Suppose 3*o + 9 = -c. What is the tens digit of o + -1 + (-3 - -53)?
4
Let k(s) = 7*s - 22. What is the tens digit of k(7)?
2
Let r be ((-184)/(-60) - 4/10)*-3. What is the units digit of 31*-1*(r + 5)?
3
Suppose 2*k - 631 = q + 987, -3*k + 2449 = 4*q. What is the hundreds digit of k?
8
Let q(z) = -z**3 + 7*z**2 + 4*z + 6. Let h = -49 + 56. What is the tens digit of q(h)?
3
Let m = 17 + -13. Let x = -13 + m. What is the units digit of ((-276)/18)/(6/x)?
3
Let y(i) = 3*i + 28. Let c be ((-63)/6)/7*6. What is the units digit of y(c)?
1
Let t(n) = 3*n**2 - n - 36. What is the hundreds digit of t(14)?
5
Let u = 22 + 19. Let a = u - 28. Suppose 7 = -m + a. What is the units digit of m?
6
Let h(w) = 2*w**2 + 7*w - 123. What is the units digit of h(8)?
1
Suppose -2*m + 94 = -3*v, 2*m = -2*v + m - 51. Let l = 66 - v. What is the units digit of l?
4
Suppose -22*v = -7*v - 9780. Suppose 5*z + 2*o - 902 = 0, 0 = 3*z + o + 111 - v. What is the units digit of z?
0
Let o(t) = t**3 - 6*t**2 - t + 29. Let j(n) = -5*n - 4. Let i be j(-2). What is the tens digit of o(i)?
2
Let f(n) = 12*n**2 - n - 5. What is the hundreds digit of f(-3)?
1
Let q = 11 + 6. Let k be 1/(-4) + q/4. Suppose k*s - 1 = 3*s, -5*v + 3*s = -47. What is the tens digit of v?
1
Suppose 3*l = -27*l + 10860. What is the hundreds digit of l?
3
Suppose 0 = 2*t + 2 - 4. Let x(u) = -70*u**3 + u**2 - u + 1. Let d be x(t). What is the units digit of d*(-3)/9*3?
9
Let f = -5162 - -8385. What is the thousands digit of f?
3
Let j be (36/(-10))/1 - 42/(-70). What is the tens digit of ((-2)/((-8)/j))/((-2)/392)?
4
Suppose 6*i + 456 = 10*i. Let p =